f**2 - 4*f**2. Calculate j(3).
-4
Let d(w) be the second derivative of 0*w**2 - 1/3*w**3 + 0 + w. Let s be 5/15 - (-2)/3. What is d(s)?
-2
Suppose -6*y + 15 = -y. Let p be (0/(y/1))/(-2). Let h(i) = i + 4. Calculate h(p).
4
Let d(f) be the second derivative of -1/12*f**4 + 0*f**2 - 3*f + 0 + 2/3*f**3. Give d(5).
-5
Let n = 4 + -3. Let a(m) = m**2 + 1. Let r(h) = 4*h**2 - h + 3. Let t(b) = n*r(b) - 3*a(b). What is t(-1)?
2
Let d = 23 - 19. Let t(p) = 4*p + 1. What is t(d)?
17
Let t(i) = 4*i**3 + 8*i**2 + 2*i + 3. Let w(j) = 5*j**3 + 9*j**2 + 2*j + 4. Let n(l) = 6*t(l) - 5*w(l). What is n(-2)?
14
Let f(o) = -o**2 + 3*o + 5. Let h(t) = t**2 - 4*t - 6. Let k = -6 - -12. Let u be (-8)/(-8)*(4 + 1). Let n(a) = k*f(a) + u*h(a). What is n(-2)?
0
Let c(o) = -o + 2. Let q be c(-2). Let z(t) = t + 4. Determine z(q).
8
Let w be (9/(-6))/(1/2). Let b = w + 5. Let h(y) be the third derivative of y**5/60 - y**4/24 + y**3/3 - y**2. What is h(b)?
4
Let q = -4 - 0. Let a(c) = -3*c - 5. Determine a(q).
7
Let v(m) = -98*m + 6 + 0*m**2 + 103*m - m**2. Determine v(6).
0
Let c(x) be the first derivative of x**2/2 - 8*x + 4. Suppose 0 = 3*p - 5*p + 12. Give c(p).
-2
Let y(c) = -c**3 - 8*c**2 - 7*c + 6. Suppose -4*z + z - 21 = 0. What is y(z)?
6
Let u(l) = -l + 6. Let s be u(2). Let m(h) = -h**3 + 5*h**2 - 5*h. Give m(s).
-4
Let s be (-60)/(-9) - (-2)/6. Suppose -4*b - s = -3. Let v(u) = 6*u**2 - u - 1. Give v(b).
6
Let w(m) = -m**2 + 11*m - 36. Let y be w(6). Let k(l) = -l**2 - l + 4. Calculate k(y).
-26
Let j(r) = r**2 + 7*r + 2. Let h(a) = -a**2 + 1. Let u(l) = 2*h(l) + j(l). Determine u(8).
-4
Let q = 11 + -15. Let t(f) = 4*f + 4. Let u(z) = 2*z + 2. Let n(k) = 3*t(k) - 5*u(k). What is n(q)?
-6
Suppose -x = 2*g - 6*g - 19, x + 21 = -4*g. Let f be x + 0 - (-2 - 6). Let v(c) = -c**3 + 6*c**2 + 8*c - 7. Calculate v(f).
0
Suppose -4*a = -2 - 6. Suppose -a*g - 6 = 0, -6*g + 2*g = -5*q + 22. Let k(v) = 3*v - q*v**3 + 4 - 2 + v**3 + v**2. Determine k(-2).
8
Suppose 0 = 2*c - 6*c + 164. Suppose -4*z - 17 = -c. Let f(o) = 2*o + 3*o + 2*o - 6*o**2 + 1 - z*o. What is f(-1)?
-6
Let o be -84*2/((-16)/12). Let u be (1/3)/(7/o). Let s(x) = -x**2 + 7*x + 2. What is s(u)?
8
Let z = -1 + -2. Let u(f) be the third derivative of f**6/120 + f**5/60 - 5*f**4/24 - f**3/2 - 5*f**2. Calculate u(z).
-6
Let d(w) = 2*w - 4. Suppose 3*b = 4*b - 4*o + 7, -2*b = 5*o + 1. Calculate d(b).
-10
Let s(p) be the second derivative of p**5/20 + 7*p**4/12 + 7*p**3/6 + 4*p**2 + 24*p. Give s(-6).
2
Let r(x) = 2*x**2 - 4*x + 3. Let y(c) = c - 1. Let t(v) = -r(v) - 4*y(v). Calculate t(2).
-7
Let a(j) be the first derivative of -3*j**2 + 2*j + 1/3*j**3 + 2. Give a(4).
-6
Let i(q) be the first derivative of q**2/2 + 8*q + 1. Suppose -5*l = -3*z + 45, -4*z = 2*l - 6*z + 22. What is i(l)?
2
Let n(o) = -2*o**2 + 3*o + 2. Suppose 2*g + 3 = 2*s - 13, -2*s - 5*g + 16 = 0. Let r(t) = -5*t**2 + 8*t + 5. Let f(j) = s*n(j) - 3*r(j). Determine f(-1).
0
Let f(s) = -4*s - 1. Suppose 5*g - 2 = 3*t, 2*t - 18 = 4*t + 5*g. Let o(j) = 3*j + 5. Let b be o(t). Let c = 6 + b. Give f(c).
3
Let c(o) be the third derivative of o**4/8 - o**3/2 + 2*o**2. Let w = -1 - -3. What is c(w)?
3
Let g(l) = l - 4. Let v be g(5). Let s(m) = 7*m**2 - 1 + 1 - 9*m**2. Determine s(v).
-2
Let r(o) be the second derivative of -o**5/20 + o**4/12 + o. Let a = 3 - 6. Let s = a - -3. Give r(s).
0
Let x be (-1)/(1/(-8)*2). Suppose l = 6*l + 4*m - 2, 0 = -2*l - 2*m. Let i(w) = 16*w**2 - 4*w**l - 4*w - 2 - 11*w**2. Calculate i(x).
-2
Let l(h) = 2*h + 1. Let r = -1 + 4. Suppose r*i = 3 - 0. Give l(i).
3
Let j(f) = -11*f + 15. Let x(a) = -5*a + 7. Let q be (2/4)/(4/(-48)). Let i(o) = q*j(o) + 13*x(o). Let w be (0/(-1))/(-2) - 3. Give i(w).
-2
Let j be (-43)/(-9) - (170/45 - 4). Let k(u) = -u**2 + u - 1 + 4*u + 0*u. Determine k(j).
-1
Let w(m) = -1. Let h(t) = -2*t + 2. Let l(n) = h(n) + 3*w(n). Give l(2).
-5
Let x(w) = -w**3 - 4*w**2 + 6*w + 3. Let n = -10 + 4. Let l be (n - -11)/(0 - 1). Determine x(l).
-2
Suppose -4*s - 3 = 25. Let z(k) = -2*k + 6. Give z(s).
20
Let b(z) = z**3 + 7*z**2 + z + 5. Let w(s) = 4*s - 3. Let q be w(-1). Determine b(q).
-2
Suppose -o + 4*h + 18 = 0, o - 11 = 5*h + 11. Suppose -2*x + s + 6 - 1 = 0, 0 = x - o*s - 4. Let n(r) = 2 - 1 + x*r + 0. What is n(1)?
3
Suppose -72 = -5*g - 47. Let k(y) = -y**3 + 4*y**2 + 5*y + 6. Calculate k(g).
6
Let g be 3 - (-6)/(-3) - (1 + 0). Let n(q) be the second derivative of -3/20*q**5 + g - 1/2*q**2 - q - 1/3*q**3 + 0*q**4. Calculate n(-1).
4
Let n = 3 + -1. Let a(o) = -4*o**n + 0*o**2 + 2 - 1 + 5*o**2 - 2*o. Give a(4).
9
Let a(m) = -m. Let g(k) = -7*k - 1. Let w(f) = -3*a(f) + g(f). Calculate w(-3).
11
Let a(i) = 11*i**2 - i. Let y(k) be the second derivative of -k**4 + k**3/6 + 2*k. Let p(n) = 6*a(n) + 5*y(n). Give p(-1).
7
Let v(m) be the third derivative of m**4/12 - 2*m**3/3 - 4*m**2. Give v(3).
2
Let m(d) be the first derivative of -d**3/3 + 2*d**2 + d + 56. Let f = 3 + 0. Determine m(f).
4
Let o = -16 - -18. Let z(b) = -b**2 + 3*b. Determine z(o).
2
Let x(v) = -24*v**2 - v**3 + 8*v**2 + 10*v**2 - 2*v - 8. Calculate x(-6).
4
Let f(u) be the first derivative of -u**4/12 - u**3/3 - u**2/2 - u - 2. Let v(a) be the first derivative of f(a). Give v(-4).
-9
Let g(u) = -u**2 + 8*u + 7. Suppose -4*x - 15 = x + 4*y, 0 = -x - 5*y - 3. Let t(f) = f + 1. Let i(r) = x*t(r) + g(r). Give i(5).
4
Suppose -o = -3*d + 3 + 13, 3*d - 5*o = 32. Let s(v) = -2*v + 3*v**3 - d*v**3 - 5 - 4*v**2 - v**2. Suppose -5*h = -5*f + 5, 0*h + 7 = -3*h + 2*f. What is s(h)?
5
Suppose -9 = -g - 4*y + y, -2*g = 5*y - 13. Let d(a) = -a**3 - 7*a**2 - 6*a + 4. Give d(g).
4
Let c(x) = x**3 - 5*x**2 + 5*x - 6. Suppose u = -5*u + 24. What is c(u)?
-2
Let b(l) = 5*l**2 + l. Let g be b(-1). Suppose -2*u - 3*u - 5*x = -40, -3*u - x = -16. Let w(r) = -3 + u + 2 - 6 + r. Determine w(g).
1
Let n = -10 + 9. Let u = 4 + n. Let i(b) be the second derivative of b**3/6 - b**2/2 + b. Determine i(u).
2
Let y = 8 - 6. Let s(u) = -84 + 5*u - u**2 + 163 - 82. What is s(y)?
3
Let t(z) = -z**3 - 6*z**2 - 3*z + 4. Let m = -14 + 9. Determine t(m).
-6
Let w(p) = 3 - 4*p + 3*p - 4*p. Let n be w(2). Let q = 10 + n. Let a(v) = -v**3 + 2*v**2 + 3*v - 4. Determine a(q).
-4
Let s(l) = 3*l. Let j be s(-1). Let h = j + 7. Let i(a) = -5*a - 2 - a**2 - 2*a**2 + a**3 + 3*a. What is i(h)?
6
Let l be -2 - -3 - 6/(-3). Let s(j) be the first derivative of -3 - 3*j**2 + 1/3*j**3 + 3*j. What is s(l)?
-6
Let g(f) = f. Let u be 23 - 1 - (-9)/(-3). Let j = u - 14. Determine g(j).
5
Let c(r) = -12 + r + 1 + 7. What is c(4)?
0
Let o(f) = -f**3 - 5*f**2 + 6*f - 4. Let x be o(-6). Let w(t) = -t - 1. Let z(h) = -3*h + 3. Let g(d) = x*w(d) - z(d). Calculate g(-1).
-6
Let i be 6/(2/7 - 0). Let b(j) = 9*j - 33. Let n(o) be the second derivative of -o**3/3 + 4*o**2 - 6*o. Let v(s) = i*n(s) + 5*b(s). Give v(-4).
-9
Let u = -60 + 63. Let w(q) = -q + 3. Determine w(u).
0
Let y(s) = -5 - 3*s + s**2 + 2 + 9*s. Let c(z) = z**3 + 5*z**2 - 6*z - 5. Let o be c(-6). Determine y(o).
-8
Let h be (-4)/(-14) + (-40)/(-7). Let f be (-15)/(-10)*8/h. Let g(p) = -2*p**2 + 2*p + 1. Calculate g(f).
-3
Let j(x) = 5*x - 11*x + 2*x + 15*x - 1. Calculate j(-1).
-12
Let u(r) be the first derivative of 11*r**6/360 + r**5/120 - 8*r**3/3 + 7. Let z(d) be the third derivative of u(d). Give z(-1).
10
Suppose 0 = 4*n - 2*n + 2, 5*n - 11 = -4*q. Let h(y) = y + 4. Calculate h(q).
8
Let r(x) = -x**3 + 5*x**2 - 3*x + 6. Let v(n) = n**3 - 5*n**2 + 6*n - 1. Let a be v(4). Let h be (-1)/2*(-8 - -4). Let w = a - h. Give r(w).
-9
Let m = -295 - -299. Let f(a) be the first derivative of -3*a - 4/3*a**3 + 1/4*a**4 + 1 - 1/2*a**2. Give f(m).
-7
Let o(p) = -4*p**2 + 3*p. Let w(i) = -i**2 + 4*i + 5. Let n be w(5). Suppose -g - 2*g + 6 = n. Calculate o(g).
-10
Let b(g) = -g + 5. Let w be b(-4). Let p = -15 + w. Let r(y) = -y - 6. Determine r(p).
0
Let y be ((-6)/4)/(4*(-3)/16). Let a(z) be the first derivative of -1/4*z**4 + 2*z**y + 1 - 2/3*z**3 + 4*z. Determine a(-3).
1
Let d(h) = -h. Let a be 0*((-6)/9)/(-2). Suppose a*v = -2*v - 6. Calculate d(v).
3
Let r(c) = -c - 8. Let v = -22 + 16. Let u be r(v). Let x(q) = -4*q - 2. Give x(u).
6
Let f(x) be the second derivative of -x**4/12 - x**3/6 + 2*x**2 + 8*x. Determine f(0).
4
Le